 factors of 103029?
3, 61, 563
List the prime factors of 79916.
2, 19979
List the prime factors of 8535.
3, 5, 569
List the prime factors of 609.
3, 7, 29
What are the prime factors of 478?
2, 239
List the prime factors of 17274.
2, 3, 2879
What are the prime factors of 10179?
3, 13, 29
What are the prime factors of 14149?
14149
List the prime factors of 2392.
2, 13, 23
What are the prime factors of 5976?
2, 3, 83
What are the prime factors of 13571?
41, 331
What are the prime factors of 41317?
79, 523
What are the prime factors of 6464?
2, 101
List the prime factors of 2675.
5, 107
List the prime factors of 1223.
1223
What are the prime factors of 8852?
2, 2213
What are the prime factors of 2081?
2081
What are the prime factors of 4223?
41, 103
What are the prime factors of 33226?
2, 37, 449
List the prime factors of 15818.
2, 11, 719
What are the prime factors of 714?
2, 3, 7, 17
List the prime factors of 3661.
7, 523
List the prime factors of 1555.
5, 311
What are the prime factors of 7174?
2, 17, 211
What are the prime factors of 13179?
3, 23, 191
What are the prime factors of 3909?
3, 1303
List the prime factors of 129122.
2, 7, 23, 401
List the prime factors of 538.
2, 269
List the prime factors of 950.
2, 5, 19
What are the prime factors of 17849?
13, 1373
List the prime factors of 699.
3, 233
What are the prime factors of 41069?
7, 5867
List the prime factors of 9924.
2, 3, 827
List the prime factors of 230.
2, 5, 23
List the prime factors of 29699.
17, 1747
What are the prime factors of 5103?
3, 7
List the prime factors of 5805.
3, 5, 43
What are the prime factors of 8460?
2, 3, 5, 47
What are the prime factors of 657?
3, 73
What are the prime factors of 716?
2, 179
What are the prime factors of 66578?
2, 33289
List the prime factors of 73981.
167, 443
What are the prime factors of 6503?
7, 929
What are the prime factors of 97800?
2, 3, 5, 163
List the prime factors of 46812.
2, 3, 47, 83
What are the prime factors of 25666?
2, 41, 313
What are the prime factors of 7704?
2, 3, 107
What are the prime factors of 723?
3, 241
What are the prime factors of 12564?
2, 3, 349
List the prime factors of 793.
13, 61
What are the prime factors of 581?
7, 83
List the prime factors of 764.
2, 191
What are the prime factors of 1153?
1153
What are the prime factors of 130?
2, 5, 13
List the prime factors of 863.
863
List the prime factors of 942.
2, 3, 157
List the prime factors of 568.
2, 71
List the prime factors of 3024.
2, 3, 7
List the prime factors of 2710.
2, 5, 271
List the prime factors of 10128.
2, 3, 211
List the prime factors of 35194.
2, 17597
What are the prime factors of 6990?
2, 3, 5, 233
What are the prime factors of 16969?
71, 239
List the prime factors of 49696.
2, 1553
What are the prime factors of 106841?
7, 15263
What are the prime factors of 686?
2, 7
List the prime factors of 1447.
1447
List the prime factors of 458.
2, 229
List the prime factors of 50320.
2, 5, 17, 37
What are the prime factors of 4096?
2
What are the prime factors of 5868?
2, 3, 163
What are the prime factors of 1129?
1129
What are the prime factors of 6995?
5, 1399
List the prime factors of 513.
3, 19
List the prime factors of 6517.
7, 19
What are the prime factors of 11198?
2, 11, 509
What are the prime factors of 1062?
2, 3, 59
List the prime factors of 118.
2, 59
What are the prime factors of 4124?
2, 1031
What are the prime factors of 3474?
2, 3, 193
What are the prime factors of 31897?
167, 191
List the prime factors of 818.
2, 409
List the prime factors of 16059.
3, 53, 101
What are the prime factors of 1036?
2, 7, 37
What are the prime factors of 99926?
2, 17, 2939
List the prime factors of 1231.
1231
What are the prime factors of 178?
2, 89
List the prime factors of 545.
5, 109
What are the prime factors of 1036?
2, 7, 37
What are the prime factors of 16355?
5, 3271
What are the prime factors of 4004?
2, 7, 11, 13
List the prime factors of 140331.
3, 29, 1613
What are the prime factors of 3112?
2, 389
List the prime factors of 6919.
11, 17, 37
List the prime factors of 39.
3, 13
List the prime factors of 21434.
2, 7, 1531
List the prime factors of 11775.
3, 5, 157
List the prime factors of 2189.
11, 199
List the prime factors of 10231.
13, 787
List the prime factors of 14676.
2, 3, 1223
List the prime factors of 14994.
2, 3, 7, 17
What are the prime factors of 6440?
2, 5, 7, 23
What are the prime factors of 162?
2, 3
List the prime factors of 521.
521
List the prime factors of 72656.
2, 19, 239
List the prime factors of 986.
2, 17, 29
List the prime factors of 2556.
2, 3, 71
List the prime factors of 5375.
5, 43
List the prime factors of 591.
3, 197
List the prime factors of 42555.
3, 5, 2837
List the prime factors of 1715.
5, 7
List the prime factors of 1425.
3, 5, 19
What are the prime factors of 2599?
23, 113
What are the prime factors of 20395?
5, 4079
List the prime factors of 4725.
3, 5, 7
List the prime factors of 26796.
2, 3, 7, 11, 29
What are the prime factors of 1188?
2, 3, 11
List the prime factors of 2374.
2, 1187
List the prime factors of 2500.
2, 5
What are the prime factors of 8172?
2, 3, 227
What are the prime factors of 25714?
2, 13, 23, 43
List the prime factors of 13173.
3, 4391
What are the prime factors of 4229?
4229
What are the prime factors of 22165?
5, 11, 13, 31
What are the prime factors of 6420?
2, 3, 5, 107
What are the prime factors of 22099?
7, 11, 41
List the prime factors of 88423.
88423
What are the prime factors of 56719?
13, 4363
List the prime factors of 1243.
11, 113
List the prime factors of 906.
2, 3, 151
What are the prime factors of 2117?
29, 73
List the prime factors of 9426.
2, 3, 1571
List the prime factors of 17420.
2, 5, 13, 67
What are the prime factors of 615?
3, 5, 41
List the prime factors of 2766.
2, 3, 461
List the prime factors of 6626.
2, 3313
List the prime factors of 21007.
7, 3001
List the prime factors of 58623.
3, 19541
What are the prime factors of 3412?
2, 853
What are the prime factors of 80391?
3, 127, 211
List the prime factors of 517.
11, 47
List the prime factors of 3437.
7, 491
What are the prime factors of 14915?
5, 19, 157
What are the prime factors of 46159?
31, 1489
What are the prime factors of 40970?
2, 5, 17, 241
What are the prime factors of 25035?
3, 5, 1669
What are the prime factors of 74293?
74293
What are the prime factors of 18796?
2, 37, 127
List the prime factors of 5132.
2, 1283
What are the prime factors of 703?
19, 37
What are the prime factors of 8772?
2, 3, 17, 43
List the prime factors of 6826.
2, 3413
What are the prime factors of 50256?
2, 3, 349
List the prime factors of 17283.
3, 7, 823
What are the prime factors of 4294?
2, 19, 113
List the prime factors of 41684.
2, 17, 613
What are the prime factors of 1388?
2, 347
What are the prime factors of 1885?
5, 13, 29
List the prime factors of 159446.
2, 7, 1627
List the prime factors of 318.
2, 3, 53
What are the prime factors of 5802?
2, 3, 967
List the prime factors of 4400.
2, 5, 11
What are the prime factors of 114155?
5, 17, 79
What are the prime factors of 1025?
5, 41
What are the prime factors of 92185?
5, 103, 179
List the prime factors of 15455.
5, 11, 281
What are the prime factors of 3779?
3779
What are the prime factors of 283?
283
List the prime factors of 33022.
2, 11, 19, 79
List the prime factors of 5686.
2, 2843
List the prime factors of 8369.
8369
What are the prime factors of 8997?
3, 2999
What are the prime factors of 7368?
2, 3, 307
List the prime factors of 6316.
2, 1579
List the prime factors of 5757.
3, 19, 101
List the prime factors of 155624.
2, 7, 397
What are the prime factors of 10634?
2, 13, 409
List the prime factors of 21757.
21757
List the prime factors of 25172.
2, 7, 29, 31
What are the prime factors of 1070?
2, 5, 107
List the prime factors of 575.
5, 23
List the prime factors of 36692.
2, 9173
List the prime factors of 57330.
2, 3, 5, 7, 13
List the prime factors of 189.
3, 7
List the prime factors of 6243.
3, 2081
List the prime factors of 8620.
2, 5, 431
What are the prime factors of 5544?
2, 3, 7, 11
List the prime factors of 270.
2, 3, 5
List the prime factors of 1778.
2, 7, 127
List the prime factors of 749.
7, 107
What are the prime factors of 1978?
2, 23, 43
Wha